1405 a multiple of 168?
False
Is 69384 a multiple of 41?
False
Does 618 divide 3506984?
False
Is 864 a factor of 8150758?
False
Is 12 a factor of 959244?
True
Does 2 divide 34588?
True
Is 1222 a factor of 2390390?
False
Is 52 a factor of 1789632?
True
Does 1671 divide 798715?
False
Does 13 divide 30963?
False
Is 4710312 a multiple of 243?
True
Does 20 divide 392963?
False
Does 121 divide 2976479?
True
Is 7836048 a multiple of 528?
True
Is 11 a factor of 112926?
True
Does 65 divide 728486?
False
Does 335 divide 2913160?
True
Is 77565 a multiple of 16?
False
Does 135 divide 8171820?
True
Is 1607018 a multiple of 7?
True
Is 18 a factor of 176218?
False
Is 30 a factor of 312883?
False
Is 1772 a multiple of 300?
False
Is 761 a factor of 1050941?
True
Does 74 divide 12286442?
True
Is 193 a factor of 4028520?
False
Is 30 a factor of 2900820?
True
Is 535 a factor of 877378?
False
Does 6 divide 179250?
True
Is 13096074 a multiple of 62?
True
Does 139 divide 374188?
True
Does 101 divide 21412?
True
Is 3 a factor of 81193?
False
Is 3 a factor of 166140?
True
Is 116022 a multiple of 170?
False
Does 18 divide 427089?
False
Does 108 divide 352176?
False
Does 17 divide 971261?
True
Is 26 a factor of 287664?
True
Is 10 a factor of 18475?
False
Is 11031930 a multiple of 21?
True
Does 124 divide 126056?
False
Does 130 divide 25090?
True
Does 77 divide 104443?
False
Is 757200 a multiple of 48?
True
Does 38 divide 137712?
True
Is 14 a factor of 257922?
True
Does 27 divide 282987?
True
Is 160 a factor of 24211608?
False
Is 581 a factor of 9498873?
False
Is 53552 a multiple of 147?
False
Is 1324 a factor of 2217700?
True
Is 132 a factor of 133392?
False
Is 50 a factor of 30800?
True
Does 133 divide 69691?
False
Is 9158036 a multiple of 19?
False
Is 76 a factor of 99605?
False
Does 13 divide 21762?
True
Is 1257186 a multiple of 35?
False
Is 129 a factor of 1171449?
True
Is 55 a factor of 5601750?
True
Does 141 divide 80919?
False
Is 99475 a multiple of 115?
True
Is 3598170 a multiple of 106?
True
Is 24 a factor of 455040?
True
Is 6 a factor of 135275?
False
Is 60 a factor of 1093500?
True
Does 99 divide 1516616?
False
Is 5 a factor of 119387?
False
Is 6796 a multiple of 3?
False
Is 58 a factor of 1255927?
False
Does 28 divide 35084?
True
Does 6 divide 670971?
False
Is 14741928 a multiple of 18?
True
Does 139 divide 116760?
True
Is 85 a factor of 380561?
False
Is 34 a factor of 6891318?
False
Does 6 divide 594588?
True
Is 203966 a multiple of 34?
True
Does 65 divide 1505336?
False
Does 28 divide 2021608?
False
Is 8476099 a multiple of 913?
False
Is 784062 a multiple of 17?
False
Is 3639129 a multiple of 69?
True
Is 78824 a multiple of 7?
False
Does 10 divide 102690?
True
Is 2481420 a multiple of 20?
True
Is 2625148 a multiple of 13?
False
Does 3 divide 409190?
False
Is 5522100 a multiple of 5?
True
Is 393928 a multiple of 448?
False
Is 219 a factor of 948602?
False
Is 2777278 a multiple of 38?
False
Is 5238441 a multiple of 157?
False
Is 332055 a multiple of 235?
True
Does 687 divide 4358121?
False
Is 286336 a multiple of 20?
False
Does 78 divide 866030?
False
Is 1378080 a multiple of 33?
True
Is 65 a factor of 20098351?
False
Does 25 divide 355450?
True
Does 6 divide 139119?
False
Is 13 a factor of 2300874?
False
Does 43 divide 260064?
True
Does 243 divide 171801?
True
Is 3285675 a multiple of 85?
True
Does 281 divide 2925772?
True
Does 14 divide 35728?
True
Is 277457 a multiple of 468?
False
Is 104 a factor of 23920?
True
Is 16 a factor of 3152864?
True
Does 12 divide 695467?
False
Does 337 divide 3956148?
False
Is 362 a factor of 4962797?
False
Is 58 a factor of 3016?
True
Does 6 divide 997779?
False
Is 295165 a multiple of 64?
False
Is 219 a factor of 306600?
True
Is 153 a factor of 95454?
False
Does 17 divide 2070261?
False
Is 212951 a multiple of 61?
True
Does 13 divide 185126?
False
Does 70 divide 2332190?
True
Is 829752 a multiple of 462?
True
Does 9 divide 213777?
True
Is 14 a factor of 76314?
True
Does 61 divide 7808?
True
Is 452273 a multiple of 103?
True
Does 15 divide 380?
False
Does 475 divide 1419405?
False
Does 96 divide 2279507?
False
Does 3 divide 217160?
False
Is 2 a factor of 15677?
False
Is 16 a factor of 418496?
True
Does 346 divide 543974?
False
Is 31 a factor of 580937?
False
Is 495282 a multiple of 11?
False
Does 20 divide 42480?
True
Is 419 a factor of 132826?
False
Is 32596 a multiple of 29?
True
Does 19 divide 1023261?
False
Is 365760 a multiple of 127?
True
Does 195 divide 45240?
True
Is 85 a factor of 1361530?
True
Does 378 divide 339822?
True
Is 15 a factor of 166035?
True
Is 26 a factor of 3472898?
True
Does 56 divide 3392144?
True
Is 5868238 a multiple of 204?
False
Is 3243141 a multiple of 123?
True
Is 21 a factor of 1327751?
False
Does 175 divide 468369?
False
Is 185122 a multiple of 14?
True
Does 7 divide 4985673?
True
Is 1579065 a multiple of 115?
True
Is 497498 a multiple of 16?
False
Is 7553469 a multiple of 1463?
True
Is 234 a factor of 378561?
False
Does 122 divide 151036?
True
Does 20 divide 31920?
True
Does 92 divide 3484329?
False
Is 71 a factor of 50694?
True
Does 398 divide 123380?
True
Is 4253650 a multiple of 616?
False
Is 212 a factor of 102820?
True
Is 30 a factor of 23091909?
False
Does 98 divide 1728099?
False
Is 63 a factor of 549496?
False
Does 5 divide 4540?
True
Does 92 divide 1663112?
False
Is 720918 a multiple of 18?
True
Is 20921149 a multiple of 1960?
False
Is 125 a factor of 4889125?
True
Is 6 a factor of 844158?
True
Is 129 a factor of 368037?
True
Is 357 a factor of 5371065?
True
Is 32 a factor of 4572320?
True
Is 578 a factor of 24835504?
True
Is 1317778 a multiple of 120?
False
Is 156 a factor of 3386760?
True
Is 38 a factor of 13904664?
False
Does 120 divide 251400?
True
Is 4179546 a multiple of 54?
True
Does 14 divide 7304?
False
Is 16490 a multiple of 16?
False
Is 1586436 a multiple of 292?
True
Is 1898962 a multiple of 635?
False
Does 27 divide 132138?
True
Does 47 divide 135125?
True
Is 86 a factor of 84137?
False
Does 8 divide 839602?
False
Does 20 divide 53142?
False
Is 7 a factor of 342545?
True
Is 133799 a multiple of 277?
False
Is 37 a factor of 47730?
True
Is 4545 a multiple of 5?
True
Is 102 a factor of 17018496?
True
Is 112 a factor of 13288016?
True
Is 390848 a multiple of 315?
False
Is 70 a factor of 14324479?
False
Does 993 divide 11796309?
False
Is 54 a factor of 259444?
False
Is 12 a factor of 108552?
True
Is 49 a factor of 1221129?
True
Is 17 a factor of 3955067?
True
Is 14 a factor of 404278?
True
Is 223 a factor of 2048520?
False
Is 24512 a multiple of 64?
True
Is 523 a factor of 16281240?
False
Is 514445 a multiple of 155?
True
Is 7 a factor of 2964703?
True
Does 182 divide 75348?
True
Is 106 a factor of 1195707?
False
Is 904840 a multiple of 536?
False
Is 4 a factor of 1042037?
False
Does 8 divide 58960?
True
Is 37 a factor of 10434?
True
Is 8 a factor of 717672?
True
Is 212654 even?
True
Is 20 a factor of 1245000?
True
Is 291 a factor of 1819041?
True
Is 3274073 a multiple of 65?
False
Is 714 a factor of 2047752?
True
Is 87 a factor of 3684162?
False
Is 128177 a multiple of 163?
False
Is 438948 a multiple of 36?
True
Is 146394 a multiple of 9?
True
Is 3996394 a multiple of 34?
True
Does 18 divide 253608?
False
Does 79 divide 1304369?
True
Is 664951 a multiple of 201?
False
Does 488 divide 850096?
True
Is 5578092 a multiple of 11?
False
Is 14115 a multiple of 138?
False
Does 6 divide 356334?
True
Does 8 divide 60428?
False
Does 10 divide 6950630?
True
Is 50280 a multiple of 40?
True
Does 7 divide 437708?
False
Is 54649 a multiple of 2?
False
Does 15 divide 71702?
False
Does 4 divide 40232?
True
Is 929 a factor of 26178403?
False
Is 1279 a factor of 6097867?
False
Is 24 a factor of 218147?
False
Is 171535 a multiple of 145?
True
Is 176466 a multiple of 6?
True
Is 15 a factor of 18129?
False
Is 270181 a multiple of 94?
False
Is 62 a factor of 263416?
False
Is 28 a factor of 232991?
False
Does 6 divide 9379245?
False
Does 404 divide 633876?
True
Is 6336970 a multiple of 73?
False
Does 93 divide 13853094?
True
Does 190 divide 337630?
True
Is 34 a factor of 694926?
True
Is 50 a factor of 430126?
False
Is 6184602 a multiple of 21?
False
Is 29 a factor of 274284?
False
Does 6 divide